[INFO] cloning repository https://github.com/benma/quick-protobuf-issue
[INFO] running `Command { std: "git" "-c" "credential.helper=" "-c" "credential.helper=/workspace/cargo-home/bin/git-credential-null" "clone" "--bare" "https://github.com/benma/quick-protobuf-issue" "/workspace/cache/git-repos/https%3A%2F%2Fgithub.com%2Fbenma%2Fquick-protobuf-issue", kill_on_drop: false }`
[INFO] [stderr] Cloning into bare repository '/workspace/cache/git-repos/https%3A%2F%2Fgithub.com%2Fbenma%2Fquick-protobuf-issue'...
[INFO] running `Command { std: "git" "rev-parse" "HEAD", kill_on_drop: false }`
[INFO] [stdout] 14b905d716aa001a56836446a9ed00df8dc94b38
[INFO] checking benma/quick-protobuf-issue against master#cfbc6d4cf1acbac5c025acf8ed68929caa551df3 for pr-75494-beta
[INFO] running `Command { std: "git" "clone" "/workspace/cache/git-repos/https%3A%2F%2Fgithub.com%2Fbenma%2Fquick-protobuf-issue" "/workspace/builds/worker-2/source", kill_on_drop: false }`
[INFO] [stderr] Cloning into '/workspace/builds/worker-2/source'...
[INFO] [stderr] done.
[INFO] validating manifest of git repo https://github.com/benma/quick-protobuf-issue on toolchain cfbc6d4cf1acbac5c025acf8ed68929caa551df3
[INFO] running `Command { std: "/workspace/cargo-home/bin/cargo" "+cfbc6d4cf1acbac5c025acf8ed68929caa551df3" "read-manifest" "--manifest-path" "Cargo.toml", kill_on_drop: false }`
[INFO] started tweaking git repo https://github.com/benma/quick-protobuf-issue
[INFO] finished tweaking git repo https://github.com/benma/quick-protobuf-issue
[INFO] tweaked toml for git repo https://github.com/benma/quick-protobuf-issue written to /workspace/builds/worker-2/source/Cargo.toml
[INFO] crate git repo https://github.com/benma/quick-protobuf-issue already has a lockfile, it will not be regenerated
[INFO] running `Command { std: "/workspace/cargo-home/bin/cargo" "+cfbc6d4cf1acbac5c025acf8ed68929caa551df3" "fetch" "--locked" "--manifest-path" "Cargo.toml", kill_on_drop: false }`
[INFO] [stderr]  Downloading crates ...
[INFO] [stderr]   Downloaded quick-protobuf v0.7.0
[INFO] running `Command { std: "docker" "create" "-v" "/var/lib/crater-agent-workspace/builds/worker-2/target:/opt/rustwide/target:rw,Z" "-v" "/var/lib/crater-agent-workspace/builds/worker-2/source:/opt/rustwide/workdir:ro,Z" "-v" "/var/lib/crater-agent-workspace/cargo-home:/opt/rustwide/cargo-home:ro,Z" "-v" "/var/lib/crater-agent-workspace/rustup-home:/opt/rustwide/rustup-home:ro,Z" "-e" "SOURCE_DIR=/opt/rustwide/workdir" "-e" "CARGO_TARGET_DIR=/opt/rustwide/target" "-e" "CARGO_HOME=/opt/rustwide/cargo-home" "-e" "RUSTUP_HOME=/opt/rustwide/rustup-home" "-w" "/opt/rustwide/workdir" "-m" "1610612736" "--user" "0:0" "--network" "none" "rustops/crates-build-env@sha256:a636fd89d022f18117e1dc8fb37a0a009933cdbbe082814857f0e2024962d47c" "/opt/rustwide/cargo-home/bin/cargo" "+cfbc6d4cf1acbac5c025acf8ed68929caa551df3" "metadata" "--no-deps" "--format-version=1", kill_on_drop: false }`
[INFO] [stdout] 0986a2d11b13decb43f4411b2f3d8cbeca18522bed88148bc211768d528a4ad9
[INFO] [stderr] WARNING: Your kernel does not support swap limit capabilities or the cgroup is not mounted. Memory limited without swap.
[INFO] running `Command { std: "docker" "start" "-a" "0986a2d11b13decb43f4411b2f3d8cbeca18522bed88148bc211768d528a4ad9", kill_on_drop: false }`
[INFO] running `Command { std: "docker" "inspect" "0986a2d11b13decb43f4411b2f3d8cbeca18522bed88148bc211768d528a4ad9", kill_on_drop: false }`
[INFO] running `Command { std: "docker" "rm" "-f" "0986a2d11b13decb43f4411b2f3d8cbeca18522bed88148bc211768d528a4ad9", kill_on_drop: false }`
[INFO] [stdout] 0986a2d11b13decb43f4411b2f3d8cbeca18522bed88148bc211768d528a4ad9
[INFO] running `Command { std: "docker" "create" "-v" "/var/lib/crater-agent-workspace/builds/worker-2/target:/opt/rustwide/target:rw,Z" "-v" "/var/lib/crater-agent-workspace/builds/worker-2/source:/opt/rustwide/workdir:ro,Z" "-v" "/var/lib/crater-agent-workspace/cargo-home:/opt/rustwide/cargo-home:ro,Z" "-v" "/var/lib/crater-agent-workspace/rustup-home:/opt/rustwide/rustup-home:ro,Z" "-e" "SOURCE_DIR=/opt/rustwide/workdir" "-e" "CARGO_TARGET_DIR=/opt/rustwide/target" "-e" "CARGO_INCREMENTAL=0" "-e" "RUST_BACKTRACE=full" "-e" "RUSTFLAGS=--cap-lints=forbid" "-e" "CARGO_HOME=/opt/rustwide/cargo-home" "-e" "RUSTUP_HOME=/opt/rustwide/rustup-home" "-w" "/opt/rustwide/workdir" "-m" "1610612736" "--user" "0:0" "--network" "none" "rustops/crates-build-env@sha256:a636fd89d022f18117e1dc8fb37a0a009933cdbbe082814857f0e2024962d47c" "/opt/rustwide/cargo-home/bin/cargo" "+cfbc6d4cf1acbac5c025acf8ed68929caa551df3" "check" "--frozen" "--all" "--all-targets" "--message-format=json", kill_on_drop: false }`
[INFO] [stdout] f8f217c145d4e39cade9f860a7b00ca9bf048fc3f0678943e1bd560c3028b7a3
[INFO] [stderr] WARNING: Your kernel does not support swap limit capabilities or the cgroup is not mounted. Memory limited without swap.
[INFO] running `Command { std: "docker" "start" "-a" "f8f217c145d4e39cade9f860a7b00ca9bf048fc3f0678943e1bd560c3028b7a3", kill_on_drop: false }`
[INFO] [stderr]     Checking quick-protobuf v0.7.0
[INFO] [stderr]     Checking foo v0.1.0 (/opt/rustwide/workdir)
[INFO] [stdout] error[E0412]: cannot find type `Common` in module `b`
[INFO] [stdout]   --> src/pb/a.rs:18:27
[INFO] [stdout]    |
[INFO] [stdout] 18 |     pub common: Option<b::Common>,
[INFO] [stdout]    |                           ^^^^^^ not found in `b`
[INFO] [stdout]    |
[INFO] [stdout] help: consider importing this struct
[INFO] [stdout]    |
[INFO] [stdout] 12 | use crate::pb::common::Common;
[INFO] [stdout]    |
[INFO] [stdout] 
[INFO] [stdout] 
[INFO] [stdout] error[E0412]: cannot find type `Common` in module `b`
[INFO] [stdout]   --> src/pb/a.rs:27:65
[INFO] [stdout]    |
[INFO] [stdout] 27 |                 Ok(10) => msg.common = Some(r.read_message::<b::Common>(bytes)?),
[INFO] [stdout]    |                                                                 ^^^^^^ not found in `b`
[INFO] [stdout]    |
[INFO] [stdout] help: consider importing this struct
[INFO] [stdout]    |
[INFO] [stdout] 12 | use crate::pb::common::Common;
[INFO] [stdout]    |
[INFO] [stdout] 
[INFO] [stdout] 
[INFO] [stdout] error[E0412]: cannot find type `Common` in module `b`
[INFO] [stdout]   --> src/pb/a.rs:18:27
[INFO] [stdout]    |
[INFO] [stdout] 18 |     pub common: Option<b::Common>,
[INFO] [stdout]    |                           ^^^^^^ not found in `b`
[INFO] [stdout]    |
[INFO] [stdout] help: consider importing this struct
[INFO] [stdout]    |
[INFO] [stdout] 12 | use crate::pb::common::Common;
[INFO] [stdout]    |
[INFO] [stdout] 
[INFO] [stdout] 
[INFO] [stdout] error[E0412]: cannot find type `Common` in module `b`
[INFO] [stdout]   --> src/pb/a.rs:27:65
[INFO] [stdout]    |
[INFO] [stdout] 27 |                 Ok(10) => msg.common = Some(r.read_message::<b::Common>(bytes)?),
[INFO] [stdout]    |                                                                 ^^^^^^ not found in `b`
[INFO] [stdout]    |
[INFO] [stdout] help: consider importing this struct
[INFO] [stdout]    |
[INFO] [stdout] 12 | use crate::pb::common::Common;
[INFO] [stdout]    |
[INFO] [stdout] 
[INFO] [stdout] 
[INFO] [stdout] error[E0283]: type annotations needed
[INFO] [stdout]   --> src/pb/a.rs:18:5
[INFO] [stdout]    |
[INFO] [stdout] 18 |     pub common: Option<b::Common>,
[INFO] [stdout]    |     ^^^^^^^^^^^^^^^^^^^^^^^^^^^^^ cannot infer type
[INFO] [stdout]    |
[INFO] [stdout]    = note: cannot satisfy `_: std::default::Default`
[INFO] [stdout]    = note: required by `std::default::Default::default`
[INFO] [stdout]    = note: this error originates in a derive macro (in Nightly builds, run with -Z macro-backtrace for more info)
[INFO] [stdout] 
[INFO] [stdout] 
[INFO] [stdout] error[E0283]: type annotations needed
[INFO] [stdout]   --> src/pb/a.rs:18:5
[INFO] [stdout]    |
[INFO] [stdout] 18 |     pub common: Option<b::Common>,
[INFO] [stdout]    |     ^^^^^^^^^^^^^^^^^^^^^^^^^^^^^ cannot infer type
[INFO] [stdout]    |
[INFO] [stdout]    = note: cannot satisfy `_: std::default::Default`
[INFO] [stdout]    = note: required by `std::default::Default::default`
[INFO] [stdout]    = note: this error originates in a derive macro (in Nightly builds, run with -Z macro-backtrace for more info)
[INFO] [stdout] 
[INFO] [stdout] 
[INFO] [stdout] error: aborting due to 3 previous errors
[INFO] [stdout] 
[INFO] [stdout] 
[INFO] [stdout] Some errors have detailed explanations: E0283, E0412.
[INFO] [stdout] 
[INFO] [stdout] For more information about an error, try `rustc --explain E0283`.
[INFO] [stdout] 
[INFO] [stderr] error: could not compile `foo`.
[INFO] [stderr] 
[INFO] [stderr] To learn more, run the command again with --verbose.
[INFO] [stderr] warning: build failed, waiting for other jobs to finish...
[INFO] [stdout] error: aborting due to 3 previous errors
[INFO] [stdout] 
[INFO] [stdout] 
[INFO] [stderr] error: build failed
[INFO] [stdout] Some errors have detailed explanations: E0283, E0412.
[INFO] [stdout] 
[INFO] [stdout] For more information about an error, try `rustc --explain E0283`.
[INFO] [stdout] 
[INFO] running `Command { std: "docker" "inspect" "f8f217c145d4e39cade9f860a7b00ca9bf048fc3f0678943e1bd560c3028b7a3", kill_on_drop: false }`
[INFO] running `Command { std: "docker" "rm" "-f" "f8f217c145d4e39cade9f860a7b00ca9bf048fc3f0678943e1bd560c3028b7a3", kill_on_drop: false }`
[INFO] [stdout] f8f217c145d4e39cade9f860a7b00ca9bf048fc3f0678943e1bd560c3028b7a3
